{"id":186,"date":"2024-05-13T17:39:57","date_gmt":"2024-05-13T17:39:57","guid":{"rendered":"http:\/\/sirenecargas.com.br\/?page_id=186"},"modified":"2024-06-12T23:49:47","modified_gmt":"2024-06-12T23:49:47","slug":"servicos-de-entregas","status":"publish","type":"page","link":"http:\/\/sirenecargas.com.br\/?page_id=186","title":{"rendered":"SERVI\u00c7OS"},"content":{"rendered":"\t\t<div data-elementor-type=\"wp-page\" data-elementor-id=\"186\" class=\"elementor elementor-186\" data-elementor-post-type=\"page\">\n\t\t\t\t<div class=\"elementor-element elementor-element-2bfc75f e-flex e-con-boxed e-con e-parent\" data-id=\"2bfc75f\" data-element_type=\"container\">\n\t\t\t\t\t<div class=\"e-con-inner\">\n\t\t\t\t<div class=\"elementor-element elementor-element-d48efe6 de_scroll_animation_no elementor-widget elementor-widget-heading\" data-id=\"d48efe6\" data-element_type=\"widget\" data-widget_type=\"heading.default\">\n\t\t\t\t<div class=\"elementor-widget-container\">\n\t\t\t<style>\/*! elementor - v3.21.0 - 08-05-2024 *\/\n.elementor-heading-title{padding:0;margin:0;line-height:1}.elementor-widget-heading .elementor-heading-title[class*=elementor-size-]>a{color:inherit;font-size:inherit;line-height:inherit}.elementor-widget-heading .elementor-heading-title.elementor-size-small{font-size:15px}.elementor-widget-heading .elementor-heading-title.elementor-size-medium{font-size:19px}.elementor-widget-heading .elementor-heading-title.elementor-size-large{font-size:29px}.elementor-widget-heading .elementor-heading-title.elementor-size-xl{font-size:39px}.elementor-widget-heading .elementor-heading-title.elementor-size-xxl{font-size:59px}<\/style><h2 class=\"elementor-heading-title elementor-size-default\">Servi\u00e7os<\/h2>\t\t<\/div>\n\t\t\t\t<\/div>\n\t\t\t\t\t<\/div>\n\t\t\t\t<\/div>\n\t\t<div class=\"elementor-element elementor-element-8c1f7c0 e-flex e-con-boxed e-con e-parent\" data-id=\"8c1f7c0\" data-element_type=\"container\">\n\t\t\t\t\t<div class=\"e-con-inner\">\n\t\t\t\t<div class=\"elementor-element elementor-element-c9799a9 elementor-icon-list--layout-traditional elementor-list-item-link-full_width de_scroll_animation_no elementor-widget elementor-widget-icon-list\" data-id=\"c9799a9\" data-element_type=\"widget\" data-widget_type=\"icon-list.default\">\n\t\t\t\t<div class=\"elementor-widget-container\">\n\t\t\t<link rel=\"stylesheet\" href=\"https:\/\/sirenecargas.com.br\/wp-content\/plugins\/elementor\/assets\/css\/widget-icon-list.min.css\">\t\t<ul class=\"elementor-icon-list-items\">\n\t\t\t\t\t\t\t<li class=\"elementor-icon-list-item\">\n\t\t\t\t\t\t\t\t\t\t<span class=\"elementor-icon-list-text\">Transporte Rodovi\u00e1rio de Cargas<\/span>\n\t\t\t\t\t\t\t\t\t<\/li>\n\t\t\t\t\t\t\t\t<li class=\"elementor-icon-list-item\">\n\t\t\t\t\t\t\t\t\t\t<span class=\"elementor-icon-list-text\">Cargas Gerais<\/span>\n\t\t\t\t\t\t\t\t\t<\/li>\n\t\t\t\t\t\t\t\t<li class=\"elementor-icon-list-item\">\n\t\t\t\t\t\t\t\t\t\t<span class=\"elementor-icon-list-text\">Cargas espec\u00edficas\/transporte dedicado<\/span>\n\t\t\t\t\t\t\t\t\t<\/li>\n\t\t\t\t\t\t\t\t<li class=\"elementor-icon-list-item\">\n\t\t\t\t\t\t\t\t\t\t<span class=\"elementor-icon-list-text\">Armazenagem e Movimenta\u00e7\u00e3o<\/span>\n\t\t\t\t\t\t\t\t\t<\/li>\n\t\t\t\t\t\t\t\t<li class=\"elementor-icon-list-item\">\n\t\t\t\t\t\t\t\t\t\t<span class=\"elementor-icon-list-text\">Coletamos sua carga fracionada em Botucatu, S\u00e3o Manuel e Pardinho e enviamos para S\u00e3o Paulo atrav\u00e9s de transportes pr\u00f3prios.<\/span>\n\t\t\t\t\t\t\t\t\t<\/li>\n\t\t\t\t\t\t\t\t<li class=\"elementor-icon-list-item\">\n\t\t\t\t\t\t\t\t\t\t<span class=\"elementor-icon-list-text\">A carga fracionada \u00e9 a remessa de pequena quantidade de mercadoria que sozinha n\u00e3o ocupa todo o espa\u00e7o da carga utilizada para realizar o transporte.<\/span>\n\t\t\t\t\t\t\t\t\t<\/li>\n\t\t\t\t\t\t<\/ul>\n\t\t\t\t<\/div>\n\t\t\t\t<\/div>\n\t\t\t\t\t<\/div>\n\t\t\t\t<\/div>\n\t\t<div class=\"elementor-element elementor-element-c90a47a e-flex e-con-boxed e-con e-parent\" data-id=\"c90a47a\" data-element_type=\"container\">\n\t\t\t\t\t<div class=\"e-con-inner\">\n\t\t\t\t<div class=\"elementor-element elementor-element-a9eaeef de_scroll_animation_no elementor-widget elementor-widget-heading\" data-id=\"a9eaeef\" data-element_type=\"widget\" data-widget_type=\"heading.default\">\n\t\t\t\t<div class=\"elementor-widget-container\">\n\t\t\t<h2 class=\"elementor-heading-title elementor-size-default\">Nossa Estrutura<\/h2>\t\t<\/div>\n\t\t\t\t<\/div>\n\t\t\t\t<div class=\"elementor-element elementor-element-603a9b2 elementor-icon-list--layout-traditional elementor-list-item-link-full_width de_scroll_animation_no elementor-widget elementor-widget-icon-list\" data-id=\"603a9b2\" data-element_type=\"widget\" data-widget_type=\"icon-list.default\">\n\t\t\t\t<div class=\"elementor-widget-container\">\n\t\t\t\t\t<ul class=\"elementor-icon-list-items\">\n\t\t\t\t\t\t\t<li class=\"elementor-icon-list-item\">\n\t\t\t\t\t\t\t\t\t\t<span class=\"elementor-icon-list-text\">Frota pr\u00f3pria e personalizada<\/span>\n\t\t\t\t\t\t\t\t\t<\/li>\n\t\t\t\t\t\t\t\t<li class=\"elementor-icon-list-item\">\n\t\t\t\t\t\t\t\t\t\t<span class=\"elementor-icon-list-text\">Motoristas e ajudantes treinados e uniformizados;<\/span>\n\t\t\t\t\t\t\t\t\t<\/li>\n\t\t\t\t\t\t\t\t<li class=\"elementor-icon-list-item\">\n\t\t\t\t\t\t\t\t\t\t<span class=\"elementor-icon-list-text\">Seguro de Cargas;<\/span>\n\t\t\t\t\t\t\t\t\t<\/li>\n\t\t\t\t\t\t\t\t<li class=\"elementor-icon-list-item\">\n\t\t\t\t\t\t\t\t\t\t<span class=\"elementor-icon-list-text\">Agregrados treinados com ve\u00edculos bem conservados;<\/span>\n\t\t\t\t\t\t\t\t\t<\/li>\n\t\t\t\t\t\t\t\t<li class=\"elementor-icon-list-item\">\n\t\t\t\t\t\t\t\t\t\t<span class=\"elementor-icon-list-text\">2 Centros de Distribui\u00e7\u00e3o sendo 1 em Botucatu e outro em S\u00e3o Paulo , com rampa de descarga e empilhadeira<\/span>\n\t\t\t\t\t\t\t\t\t<\/li>\n\t\t\t\t\t\t\t\t<li class=\"elementor-icon-list-item\">\n\t\t\t\t\t\t\t\t\t\t<span class=\"elementor-icon-list-text\">Frota pr\u00f3pria rastreada e monitorada<\/span>\n\t\t\t\t\t\t\t\t\t<\/li>\n\t\t\t\t\t\t\t\t<li class=\"elementor-icon-list-item\">\n\t\t\t\t\t\t\t\t\t\t<span class=\"elementor-icon-list-text\">Sistema operacional moderno e \u00e1gil<\/span>\n\t\t\t\t\t\t\t\t\t<\/li>\n\t\t\t\t\t\t\t\t<li class=\"elementor-icon-list-item\">\n\t\t\t\t\t\t\t\t\t\t<span class=\"elementor-icon-list-text\">Frota pr\u00f3pria rastreada e monitorada<\/span>\n\t\t\t\t\t\t\t\t\t<\/li>\n\t\t\t\t\t\t<\/ul>\n\t\t\t\t<\/div>\n\t\t\t\t<\/div>\n\t\t\t\t\t<\/div>\n\t\t\t\t<\/div>\n\t\t\t\t<\/div>\n\t\t","protected":false},"excerpt":{"rendered":"<p>Servi\u00e7os Transporte Rodovi\u00e1rio de Cargas Cargas Gerais Cargas espec\u00edficas\/transporte dedicado Armazenagem e Movimenta\u00e7\u00e3o Coletamos sua carga fracionada em Botucatu, S\u00e3o Manuel e Pardinho e enviamos para S\u00e3o Paulo atrav\u00e9s de transportes pr\u00f3prios. A carga fracionada \u00e9 a remessa de pequena quantidade de mercadoria que sozinha n\u00e3o ocupa todo o espa\u00e7o da carga utilizada para realizar [&hellip;]<\/p>\n","protected":false},"author":1,"featured_media":0,"parent":0,"menu_order":0,"comment_status":"closed","ping_status":"closed","template":"elementor_header_footer","meta":{"footnotes":""},"class_list":["post-186","page","type-page","status-publish","hentry"],"_links":{"self":[{"href":"http:\/\/sirenecargas.com.br\/index.php?rest_route=\/wp\/v2\/pages\/186","targetHints":{"allow":["GET"]}}],"collection":[{"href":"http:\/\/sirenecargas.com.br\/index.php?rest_route=\/wp\/v2\/pages"}],"about":[{"href":"http:\/\/sirenecargas.com.br\/index.php?rest_route=\/wp\/v2\/types\/page"}],"author":[{"embeddable":true,"href":"http:\/\/sirenecargas.com.br\/index.php?rest_route=\/wp\/v2\/users\/1"}],"replies":[{"embeddable":true,"href":"http:\/\/sirenecargas.com.br\/index.php?rest_route=%2Fwp%2Fv2%2Fcomments&post=186"}],"version-history":[{"count":17,"href":"http:\/\/sirenecargas.com.br\/index.php?rest_route=\/wp\/v2\/pages\/186\/revisions"}],"predecessor-version":[{"id":325,"href":"http:\/\/sirenecargas.com.br\/index.php?rest_route=\/wp\/v2\/pages\/186\/revisions\/325"}],"wp:attachment":[{"href":"http:\/\/sirenecargas.com.br\/index.php?rest_route=%2Fwp%2Fv2%2Fmedia&parent=186"}],"curies":[{"name":"wp","href":"https:\/\/api.w.org\/{rel}","templated":true}]}}

SERVIÇOS

<div data-elementor-type="wp-page" data-elementor-id="186" class="elementor elementor-186" data-elementor-post-type="page">
				<div class="elementor-element elementor-element-2bfc75f e-flex e-con-boxed e-con e-parent" data-id="2bfc75f" data-element_type="container">
					<div class="e-con-inner">
				<div class="elementor-element elementor-element-d48efe6 de_scroll_animation_no elementor-widget elementor-widget-heading" data-id="d48efe6" data-element_type="widget" data-widget_type="heading.default">
				<div class="elementor-widget-container">
			<style>/*! elementor - v3.21.0 - 08-05-2024 */
.elementor-heading-title{padding:0;margin:0;line-height:1}.elementor-widget-heading .elementor-heading-title[class*=elementor-size-]>a{color:inherit;font-size:inherit;line-height:inherit}.elementor-widget-heading .elementor-heading-title.elementor-size-small{font-size:15px}.elementor-widget-heading .elementor-heading-title.elementor-size-medium{font-size:19px}.elementor-widget-heading .elementor-heading-title.elementor-size-large{font-size:29px}.elementor-widget-heading .elementor-heading-title.elementor-size-xl{font-size:39px}.elementor-widget-heading .elementor-heading-title.elementor-size-xxl{font-size:59px}</style><h2 class="elementor-heading-title elementor-size-default">Serviços</h2>		</div>
				</div>
					</div>
				</div>
		<div class="elementor-element elementor-element-8c1f7c0 e-flex e-con-boxed e-con e-parent" data-id="8c1f7c0" data-element_type="container">
					<div class="e-con-inner">
				<div class="elementor-element elementor-element-c9799a9 elementor-icon-list--layout-traditional elementor-list-item-link-full_width de_scroll_animation_no elementor-widget elementor-widget-icon-list" data-id="c9799a9" data-element_type="widget" data-widget_type="icon-list.default">
				<div class="elementor-widget-container">
			<link rel="stylesheet" href="https://sirenecargas.com.br/wp-content/plugins/elementor/assets/css/widget-icon-list.min.css">		<ul class="elementor-icon-list-items">
							<li class="elementor-icon-list-item">
										<span class="elementor-icon-list-text">Transporte Rodoviário de Cargas</span>
									</li>
								<li class="elementor-icon-list-item">
										<span class="elementor-icon-list-text">Cargas Gerais</span>
									</li>
								<li class="elementor-icon-list-item">
										<span class="elementor-icon-list-text">Cargas específicas/transporte dedicado</span>
									</li>
								<li class="elementor-icon-list-item">
										<span class="elementor-icon-list-text">Armazenagem e Movimentação</span>
									</li>
								<li class="elementor-icon-list-item">
										<span class="elementor-icon-list-text">Coletamos sua carga fracionada em Botucatu, São Manuel e Pardinho e enviamos para São Paulo através de transportes próprios.</span>
									</li>
								<li class="elementor-icon-list-item">
										<span class="elementor-icon-list-text">A carga fracionada é a remessa de pequena quantidade de mercadoria que sozinha não ocupa todo o espaço da carga utilizada para realizar o transporte.</span>
									</li>
						</ul>
				</div>
				</div>
					</div>
				</div>
		<div class="elementor-element elementor-element-c90a47a e-flex e-con-boxed e-con e-parent" data-id="c90a47a" data-element_type="container">
					<div class="e-con-inner">
				<div class="elementor-element elementor-element-a9eaeef de_scroll_animation_no elementor-widget elementor-widget-heading" data-id="a9eaeef" data-element_type="widget" data-widget_type="heading.default">
				<div class="elementor-widget-container">
			<h2 class="elementor-heading-title elementor-size-default">Nossa Estrutura</h2>		</div>
				</div>
				<div class="elementor-element elementor-element-603a9b2 elementor-icon-list--layout-traditional elementor-list-item-link-full_width de_scroll_animation_no elementor-widget elementor-widget-icon-list" data-id="603a9b2" data-element_type="widget" data-widget_type="icon-list.default">
				<div class="elementor-widget-container">
					<ul class="elementor-icon-list-items">
							<li class="elementor-icon-list-item">
										<span class="elementor-icon-list-text">Frota própria e personalizada</span>
									</li>
								<li class="elementor-icon-list-item">
										<span class="elementor-icon-list-text">Motoristas e ajudantes treinados e uniformizados;</span>
									</li>
								<li class="elementor-icon-list-item">
										<span class="elementor-icon-list-text">Seguro de Cargas;</span>
									</li>
								<li class="elementor-icon-list-item">
										<span class="elementor-icon-list-text">Agregrados treinados com veículos bem conservados;</span>
									</li>
								<li class="elementor-icon-list-item">
										<span class="elementor-icon-list-text">2 Centros de Distribuição sendo 1 em Botucatu e outro em São Paulo , com rampa de descarga e empilhadeira</span>
									</li>
								<li class="elementor-icon-list-item">
										<span class="elementor-icon-list-text">Frota própria rastreada e monitorada</span>
									</li>
								<li class="elementor-icon-list-item">
										<span class="elementor-icon-list-text">Sistema operacional moderno e ágil</span>
									</li>
								<li class="elementor-icon-list-item">
										<span class="elementor-icon-list-text">Frota própria rastreada e monitorada</span>
									</li>
						</ul>
				</div>
				</div>
					</div>
				</div>
				</div>

<p>Serviços Transporte Rodoviário de Cargas Cargas Gerais Cargas específicas/transporte dedicado Armazenagem e Movimentação Coletamos sua carga fracionada em Botucatu, São Manuel e Pardinho e enviamos para São Paulo através de transportes próprios. A carga fracionada é a remessa de pequena quantidade de mercadoria que sozinha não ocupa todo o espaço da carga utilizada para realizar [&hellip;]</p>
